 when 49 is divided by b?
7
Suppose -119 = -5*u + 431. Let v(n) = -19*n + 73. Calculate the remainder when u is divided by v(3).
14
Suppose 100 = -7*v + 128. Suppose 2*b - 2*g + 83 = 3*b, 239 = 3*b + v*g. Calculate the remainder when b is divided by 37.
36
Suppose -5*a + 2*j - 151 - 7 = 0, 3 = -3*j. Calculate the remainder when 39 is divided by 11 - (-4)/(a/40).
3
Let n(g) = 8*g - 9. Suppose 0 = -6*w + 7*w - 8. Let z be 44/12 - w/12. Calculate the remainder when 29 is divided by n(z).
14
Let d be (-374)/(-2*1) - (-12 + 13). Suppose -a + 268 = 3*f - d, -1332 = -3*a - 3*f. Calculate the remainder when a is divided by 55.
54
Suppose -2184 = -61*m - 17*m. What is the remainder when 80 is divided by m?
24
Calculate the remainder when ((-1)/2)/(160/(-907520)) is divided by 8.
4
Let w = 1157 + -1151. Calculate the remainder when -22*7/(-6)*3 is divided by w.
5
Let o(f) = 17*f - 326. Let k be o(19). Let r be -2 + 6 + (0 - -2). Calculate the remainder when 129/r*4 + k is divided by 17.
15
Let d be ((-146)/8)/((-2)/(-8)). Let c = d + 116. Calculate the remainder when 167 is divided by c.
38
Let l be ((-4)/2 - 1) + (0 - 1). What is the remainder when (-4)/(176/(-2937)) + (-1)/l is divided by 3?
1
Calculate the remainder when -121*(-1)/(-3)*(84/(-6) + -667) is divided by 18.
17
Let g be (-219 - (-1 - -5)) + 1. Let l = 321 + g. Calculate the remainder when l is divided by 6.
3
Let q(i) = -2*i**3 + 16*i**2 + 7*i + 25. Calculate the remainder when 89 is divided by q(8).
8
Let m(w) = 2*w**2 + 4*w - 12. Let i be m(2). Suppose -i*c + 30 = -98. What is the remainder when 316 is divided by c?
28
Let w = 1263 - -2244. Calculate the remainder when w is divided by 500.
7
Let n = -62322 - -62334. Let k = 6 - 1. Suppose -k*h + 56 = 2*i, 2*i + 4 = 5*h + 40. What is the remainder when i is divided by n?
11
Let q = 24 + 2. Suppose -4*a = 8, a - 5*a + 908 = 4*z. Suppose -3*o - 2*h = -217, 2*h + z = 3*o + h. Calculate the remainder when o is divided by q.
23
Suppose n + 84 = 3*g, 3*n = -7*g + 4*g + 84. Let w = g + 5. What is the remainder when 164 is divided by w?
32
Suppose -105*z = -61*z + 94*z - 1104. Calculate the remainder when 1414 is divided by z.
6
Suppose -3*b + 7*b = -412. Let d be (-11 + b)/(3/(-2)). Let x = d + -60. What is the remainder when x is divided by 6?
4
Let d(p) = 2*p**2 - 6*p + 5. Calculate the remainder when (-3345)/(-55) - (-9 + 1164/132) is divided by d(4).
9
Suppose m = 1 - 5, 5*l + 2*m - 232 = 0. Suppose u - 11 = -6. What is the remainder when l is divided by u?
3
Let u be 14 - (4 + (-1 - 1)). Suppose 2*b - 58 = -2*p, 5*p - u*b = -8*b + 127. Let k(y) = 2*y**2 - 5*y + 2. Calculate the remainder when k(-6) is divided by p.
23
Calculate the remainder when 259 is divided by (-1200)/(-70) + (-56)/49 + 4.
19
Suppose 8*n = 5*p + 13*n - 180, 0 = -2*p - 9*n + 58. What is the remainder when 1360 is divided by p?
30
Let y(l) = -8*l + 66. Let z be y(8). Suppose -4*a + 118 = z*i, i - 13*a - 71 = -9*a. What is the remainder when 123 is divided by i?
60
Let h = 1009 - 977. What is the remainder when 296 is divided by h?
8
Let u = 4880 - 4855. Let g(v) = 6*v**3 + 3*v + 1. Calculate the remainder when g(3) is divided by u.
22
Suppose -4*o = 5*u - 16, -4*u = -4*o - 8*u + 12. Calculate the remainder when 21 is divided by (-4 + 0/3)*o - -2.
3
Let y(u) = -160*u - 6. Let p be y(-1). Let w(i) = -2*i**2 + 10 + p*i - 150*i - i**3 - 4*i**2. What is the remainder when 118 is divided by w(-7)?
25
Suppose -18*m = 14*m - 5*m - 2511. Calculate the remainder when 283 is divided by m.
4
Let j = -20926 - -20945. What is the remainder when 3167 is divided by j?
13
Suppose 3*z + 9 = 4*d - 2, 4*d = -2*z + 6. Suppose 0 = 4*s + d - 18. Suppose -12*v + 5 = -17*v, -54 = -3*m - 3*v. What is the remainder when m is divided by s?
3
Let x(p) = p**2 + 64*p + 1808. Calculate the remainder when x(-63) is divided by 117.
107
Suppose -480 = 17*l - 12*l. Calculate the remainder when 172 is divided by (58/(-8))/(24/l).
27
Calculate the remainder when 3854 is divided by 0 + 10806/42 - 16/56.
256
Suppose 36 = 6*r - 18. What is the remainder when (5 - r) + 2/1 - -76 is divided by 27?
20
Suppose -4*h - 4 = -0. Let d(r) = 6*r + 7. Let n be d(h). Calculate the remainder when 24 is divided by (-2 + n)*(-5)/1.
4
Let a = -1297 - -1650. What is the remainder when a is divided by 17?
13
Let p(i) = -116*i - 662. Let j(x) = -x**3 + 4*x**2 + 5*x + 6. What is the remainder when p(-6) is divided by j(5)?
4
Suppose i - 4*w + 107 - 103 = 0, 0 = 5*i + 4*w - 76. Calculate the remainder when 31 is divided by i.
7
Suppose -6*q + 386 = 5*y, -q + 391 = 2*y + 315. Let i = 144 + 13. What is the remainder when i is divided by q?
45
Suppose 115*y - 21188 = 8*y + 12945. Calculate the remainder when 642 is divided by y.
4
Suppose 0 = -2*a + 34 + 14. Suppose 2 = -15*h + 47. Suppose -h*g = 2*w - 32, -4*w + 4*g + 23 = -21. Calculate the remainder when a is divided by w.
11
Suppose -112 + 31 = 3*h. Let r be h/36 - 250/8. Calculate the remainder when 37 is divided by r/(-3) + 14/(-21).
7
Let i = -14911 + 14935. What is the remainder when (-2)/1*(-219)/6 is divided by i?
1
Let d(z) = z - 39. Let b be d(37). Let s = -93 - -140. Calculate the remainder when (4371/94)/(b/(-8)) is divided by s.
45
Let x be (42/(-10))/(1/(-15)). Let y = 205 + -259. Let a = x + y. What is the remainder when 31 is divided by a?
4
Let g(k) = 43*k + 6. Suppose q = 2*q + 7. Let h(o) = -22*o - 3. Let u(p) = q*h(p) - 3*g(p). What is the remainder when 82 is divided by u(1)?
26
Let i = 680 + -659. Suppose -14*w - i*w = -9905. What is the remainder when w is divided by 22?
19
Suppose 0 = -244*i + 223*i + 2268. What is the remainder when 747 is divided by i?
99
Let i = -3959 - -4119. Calculate the remainder when i is divided by 84.
76
Let u(y) = y**2 - 19*y - 24. Calculate the remainder when 534/(-60)*6*(2 + -7) is divided by u(21).
15
Suppose -124*q + 128*q + 3*v = 159, -2*q - 2*v = -80. Calculate the remainder when q is divided by 13.
0
Let l = 195 + -208. Let h = -4 - -30. Calculate the remainder when h is divided by (16 + l)*(-12)/(-9).
2
Calculate the remainder when ((-48)/(-22))/(74/3256) is divided by 22.
8
Suppose -25*v + 312 + 338 = 0. Calculate the remainder when 1076/6 - 9/27 is divided by v.
23
Suppose -9*q + 11*q = -w + 6, 0 = -w - q + 10. Suppose f = -f + w. What is the remainder when 10 is divided by f?
3
Let k(f) = -f**3 - 5*f**2 + 2*f + 20. What is the remainder when k(-10) is divided by 30?
20
Let c be 81/(-2) + 3/(5 + 1). Let i = 123 + c. What is the remainder when i is divided by 14?
13
Suppose 0 = 2*f - 5*s + 554 - 1375, -4*f + 1684 = 4*s. Let w = f + -388. Suppose -5*v = -v - 64. Calculate the remainder when w is divided by v.
14
Suppose -33*n + 20*n = 26*n - 30810. What is the remainder when n is divided by 198?
196
Let o = -79 + 143. What is the remainder when o is divided by (-111)/(-1)*-12*16/(-576)?
27
Let d(q) = q**3 + 20*q**2 - 15*q - 835. What is the remainder when 7967 is divided by d(-18)?
82
Let k(s) = -208*s + 51. Calculate the remainder when k(-3) is divided by 40.
35
Suppose 48*j - 12*j = 19*j + 391. Calculate the remainder when 4666 is divided by j.
20
Suppose 10*a = -4*p + 11*a + 78, 3*p - a - 58 = 0. Let i(s) = -58*s - 4. What is the remainder when i(-3) is divided by p?
10
Suppose 2*c - 80 - 336 = -2*x, 3*x - 614 = 2*c. Suppose -5*f = -5, -4*f + 67 - 127 = -4*y. Calculate the remainder when x is divided by y.
14
Let y = 49 - 116. Suppose i = -5*u + 54, -40*i - 5*u + 350 = -35*i. Let g = i + y. Calculate the remainder when 33 is divided by g.
5
Let b(l) = -l**3 - 4*l**2 + 8*l + 2. Let x be b(-6). Let t = -16 + x. Suppose -68*c + 2151 = 927. Calculate the remainder when c is divided by t.
8
Let c(j) = 10*j - 80. Let f be c(9). Suppose 242 = -f*n + 392. Suppose 2*g - 3*g = -41. What is the remainder when g is divided by n?
11
Let h be (5 + -11)*(-1232)/6. Suppose 11*d = 4*d + h. Suppose -12*x + d = -184. Calculate the remainder when x is divided by 11.
8
Let m(j) = -j**2 - 12*j + 40. Let k be 1/((-38)/(-16) + 110/(-44)). Calculate the remainder when 862 is divided by m(k).
70
Suppose 54*x = 210 + 654. Let h(p) be the first derivative of p**3 - 3*p**2 + 5*p + 6. What is the remainder when h(4) is divided by x?
13
Suppose p